0153201 a prime number?
True
Is 385095319 a composite number?
True
Is 3084797 a composite number?
False
Is 1858369 a prime number?
True
Is 17368279 prime?
True
Is 122264903 composite?
True
Is 7457737 prime?
False
Is 10376419 composite?
False
Is 2041519 a composite number?
False
Is 27207199 a prime number?
True
Is 205437619 a prime number?
False
Is 1343047 a prime number?
True
Is 125873873 a composite number?
False
Is 117656309 a composite number?
True
Is 3855703 a prime number?
True
Is 73535227 composite?
False
Is 357577069 a prime number?
True
Is 1804433 a composite number?
False
Is 10800677 a prime number?
True
Is 233047 prime?
False
Is 358633 a composite number?
True
Is 307132367 prime?
True
Is 55301873 composite?
True
Is 33934585 composite?
True
Is 5171561 prime?
True
Is 6248327 prime?
True
Is 3388589 a composite number?
False
Is 7235594 composite?
True
Is 2055013 prime?
False
Is 19947529 composite?
True
Is 1525147 a composite number?
True
Is 26145991 a composite number?
True
Is 1124157 a composite number?
True
Is 41238601 a composite number?
True
Is 2493707 prime?
True
Is 13300471 a prime number?
True
Is 1775129 a prime number?
False
Is 45155777 a prime number?
False
Is 21800321 a composite number?
False
Is 737647 a composite number?
True
Is 1248101 prime?
True
Is 17317367 prime?
False
Is 18056021 composite?
False
Is 15174487 composite?
True
Is 69454769 a prime number?
True
Is 120341131 a composite number?
True
Is 128966 prime?
False
Is 410335449 a composite number?
True
Is 824520407 prime?
True
Is 509165 composite?
True
Is 462135629 prime?
True
Is 6570793 a composite number?
True
Is 17362255 a composite number?
True
Is 438421337 composite?
True
Is 44266315 a composite number?
True
Is 55692761 composite?
True
Is 75209 a prime number?
True
Is 20517527 a composite number?
False
Is 46798 a prime number?
False
Is 6831673 a prime number?
False
Is 12155257 a composite number?
False
Is 94334027 a prime number?
True
Is 1640647 a prime number?
False
Is 22244851 prime?
True
Is 45127099 composite?
False
Is 38763967 composite?
True
Is 31259797 prime?
True
Is 77989577 composite?
False
Is 5527502 a composite number?
True
Is 1015039 composite?
False
Is 78150067 prime?
False
Is 4807186 a composite number?
True
Is 211065193 composite?
False
Is 381552439 a composite number?
True
Is 106301981 prime?
False
Is 1452553 prime?
True
Is 58980187 composite?
True
Is 43194211 composite?
False
Is 57799411 composite?
True
Is 5408341 a prime number?
True
Is 7626929 a composite number?
False
Is 3903961 prime?
False
Is 10243 prime?
True
Is 983881 a composite number?
False
Is 54775417 composite?
False
Is 9678107 a composite number?
True
Is 149407 a prime number?
False
Is 29435299 a prime number?
False
Is 47823617 a composite number?
False
Is 12717407 composite?
False
Is 2538971 prime?
True
Is 20758471 prime?
True
Is 4250417 composite?
True
Is 210525907 prime?
True
Is 15774131 a composite number?
True
Is 51867947 composite?
False
Is 212831383 composite?
False
Is 1757083 a prime number?
True
Is 31805083 a prime number?
False
Is 56603777 composite?
False
Is 1141067 prime?
True
Is 1331153 a composite number?
False
Is 17547989 a composite number?
False
Is 1701017 prime?
True
Is 723577873 a prime number?
False
Is 6153379 prime?
True
Is 11591014 prime?
False
Is 17657 a composite number?
False
Is 23459687 a prime number?
True
Is 410670487 composite?
False
Is 190059197 a composite number?
True
Is 3702649 a composite number?
False
Is 1978631 prime?
True
Is 650891 prime?
False
Is 39936535 a composite number?
True
Is 31547913 composite?
True
Is 374461 a composite number?
False
Is 2733697 a composite number?
False
Is 15688301 a composite number?
False
Is 160965239 a composite number?
False
Is 4038341 a prime number?
False
Is 211814986 composite?
True
Is 155408593 composite?
True
Is 2654423 composite?
True
Is 4858937 composite?
True
Is 1168619 a composite number?
False
Is 1626017 a composite number?
False
Is 51662449 a composite number?
False
Is 446081 a prime number?
True
Is 153575389 a prime number?
False
Is 2303563 a composite number?
False
Is 87181561 composite?
False
Is 64464293 composite?
False
Is 110838653 composite?
False
Is 3341083 composite?
False
Is 27588949 composite?
False
Is 3170851 prime?
True
Is 413051867 prime?
False
Is 387577 a prime number?
True
Is 1272539 a composite number?
False
Is 475663 a composite number?
True
Is 97941 a prime number?
False
Is 36004471 composite?
False
Is 665549 a composite number?
False
Is 61441 a prime number?
True
Is 61283967 composite?
True
Is 119616991 a prime number?
False
Is 418053899 prime?
True
Is 372560081 prime?
True
Is 98731681 a prime number?
True
Is 2112323 composite?
False
Is 12420157 a prime number?
False
Is 3297427 composite?
True
Is 18042667 a prime number?
True
Is 1716759803 composite?
True
Is 22264831 a prime number?
True
Is 224368961 a prime number?
True
Is 91454293 composite?
True
Is 40656926 composite?
True
Is 23476363 composite?
True
Is 4786367 a prime number?
False
Is 2896139 composite?
False
Is 2998411 composite?
True
Is 158953 a composite number?
True
Is 73395821 a composite number?
True
Is 14698111 prime?
False
Is 62863823 a composite number?
True
Is 368607203 composite?
True
Is 2479697 prime?
False
Is 144720551 composite?
True
Is 159956002 a composite number?
True
Is 2226737 composite?
True
Is 24469514 prime?
False
Is 905011 a prime number?
True
Is 3432613 composite?
False
Is 6002033 prime?
True
Is 57250409 a prime number?
True
Is 226195027 composite?
False
Is 24471581 prime?
True
Is 13071371 prime?
True
Is 67871381 a prime number?
True
Is 11728217 a prime number?
True
Is 37912445 prime?
False
Is 727052147 a composite number?
False
Is 1227379 a prime number?
True
Is 6395611 composite?
False
Is 1237646 a prime number?
False
Is 926996047 composite?
False
Is 12454441 prime?
False
Is 95220057 a composite number?
True
Is 3783749 composite?
True
Is 19246067 a composite number?
False
Is 1687487 a composite number?
True
Is 848183 a composite number?
True
Is 4550197 a prime number?
True
Is 674851 a prime number?
True
Is 58822691 a composite number?
False
Is 120235517 a prime number?
True
Is 33644183 a prime number?
True
Is 5032319 prime?
True
Is 241193807 a composite number?
True
Is 60094543 a prime number?
True
Is 82199251 a composite number?
True
Is 9560459 composite?
True
Is 1592959 a prime number?
False
Is 9397559 composite?
False
Is 10584367 a prime number?
True
Is 33181474 prime?
False
Is 71677531 a prime number?
False
Is 9350269 prime?
True
Is 818257217 a prime number?
True
Is 21495443 a composite number?
True
Is 8711137 a prime number?
True
Is 52353031 composite?
False
Is 2330189 composite?
True
Is 12071 composite?
False
Is 48032131 a prime number?
False
Is 13856369 composite?
False
Is 10209923 composite?
True
Is 111431213 composite?
False
Is 15347881 a composite number?
False
Is 833537 a prime number?
True
Is 1324655 a prime number?
False
Is 4578329 a composite number?
True
Is 870761 composite?
True
Is 7920083 composite?
True
Is 34453613 a prime number?
True
Is 4481479 composite?
False
Is 9193027 prime?
True
Is 2747091 a composite number?
True
Is 1703005 prime?
False
Is 1687963 a prime number?
True
Is 1288457 a prime number?
False
Is 1368641 prime?
False
Is 384889 a prime number?
True
Is 15823157 a composite number?
True
Is 57810953 prime?
True
Is 14721701 a composite number?
True
Is 61169 a prime number?
True
Is 22605343 prime?
False
Is 43299739 a composite number?
True
Is 639203389 composite?
True
Is 158775263 a composite number?
False
Is 532962611 a prime number?
True
Is 3938003 prime?
False
Is 38182267 composite?
True
Is 1415567 prime?
True
Is 11950889 prime?
False
Is 35070463 prime?
True
Is 1200491 prime?
True
Is 234383479 a composite number?
True
Is 31440917 a prime number?
False
Is 81144109 a composite number?
True
Is 48981847 a composite number?
False
Is 796283449 composite?
True
Is 20388047 prime?
True
Is 64011889 a composite number?
False
Is 1383287 prime?
True
Is 10986643 composite?
True
Is 76743361 a composite number?
False
Is 18867397 a prime number?
False
Is 12702161 a prime number?
True
Is 1060907 a prime number?
False
Is 6808181 a prime number?
True
Is 2841226 prime?
False
Is 207110441 prime?
Tr